{"id":1260,"date":"2015-07-23T16:15:20","date_gmt":"2015-07-23T16:15:20","guid":{"rendered":"\/?page_id=1260"},"modified":"2019-06-05T08:11:25","modified_gmt":"2019-06-05T14:11:25","slug":"productos-confianza","status":"publish","type":"page","link":"https:\/\/www.vivibanco.com.gt\/?page_id=1260","title":{"rendered":"Productos"},"content":{"rendered":"<h3>Fianzas Administrativas ante el Gobierno y Particulares<\/h3>\n<ul style=\"list-style-type: disc;\">\n<li>Sostenimiento de Oferta:  Esta fianza garantiza el cumplimiento de precios y estipulaciones ofertadas en una Licitaci\u00f3n. La fianza debe emitirse por un porcentaje no menor del 1% ni mayor al 5% del valor del contrato<\/li>\n<li>Cumplimiento de Contrato: Esta fianza garantiza el cumplimiento de todas y cada una de las obligaciones estipuladas en el contrato, mediante el cual el fiado se obliga ante el beneficiario. La fianza debe constituirse por el 10 % del monto del contrato cuando se trate de bienes, suministros y servicios. Cuando se trate de obras por un valor del 1% al 20% del monto del contrato<\/li>\n<li>Calidad y funcionamiento: Esta fianza cubre la garant\u00eda de calidad o funcionamiento cuando se trata de bienes y suministros. La fianza se constituye por el 15% del monto del contrato<\/li>\n<li>Conservaci\u00f3n y Calidad de Obra: Esta fianza cubre el valor de las reparaciones de fallas o desperfectos durante el tiempo de responsabilidad fijado a partir de la recepci\u00f3n de la obra. La fianza se constituye por el 15% del monto del contrato<\/li>\n<li>Anticipo: Esta fianza garantiza a favor del beneficiario la correcta aplicaci\u00f3n del anticipo recibido, en relaci\u00f3n al monto total del contrato. La fianza se constituye por el 100% del anticipo<\/li>\n<li>Saldos Deudores: Esta fianza se emite para garantizar cualquier saldo deudor que se presente derivado de la conclusi\u00f3n de los contratos. La fianza se constituye por el 5% del monto del contrato<\/li>\n<li>Arrendamiento: Estas fianzas garantizan el cumplimiento del acuerdo contractual entre el arrendante y el arrendatario, tanto el aspecto de pagos como de conservaci\u00f3n del bien<\/li>\n<\/ul>\n<h3>Fianzas Exigidas por Ley y de Inter\u00e9s Fiscal<\/h3>\n<ul style=\"list-style-type: disc;\">\n<li>Importaci\u00f3n Temporal<\/li>\n<li>Gestor Tributario y Administrativo<\/li>\n<li>Discrepancias<\/li>\n<li>Promoci\u00f3n Comercial<\/li>\n<li>Impacto Ambiental<\/li>\n<li>Dep\u00f3sito Aduanero<\/li>\n<li>Representaci\u00f3n de Casas Extranjeras<\/li>\n<li>Agente Aduanero<\/li>\n<li>Suministro de Energ\u00eda El\u00e9ctrica<\/li>\n<\/ul>\n<h3>Fianzas Judiciales<\/h3>\n<p class=\"text-justify\" style=\"text-align: left;\">Las fianzas judiciales garantizan el cumplimiento de resoluciones jur\u00eddicas emanadas por los tribunales de justicia, acerca del comportamiento o acciones de una persona individual o jur\u00eddica, Tipos de fianzas:<\/p>\n<ul style=\"list-style-type: disc;\">\n<li>Penal<\/li>\n<li>Civil<\/li>\n<\/ul>\n<h3>Fianzas de Cr\u00e9dito<\/h3>\n<ul style=\"list-style-type: disc;\">\n<li>Fianzas para Cr\u00e9dito de Vivienda.  Garant\u00eda a favor  de los bancos por cr\u00e9ditos hipotecarios otorgados a personas que adquieren vivienda.<\/li>\n<\/ul>\n<p><\/br><br \/>\n<\/br><\/p>\n<h3>Requisitos<\/h3>\n<div>\n<ul class=\"nav nav-tabs\">\n<li><a href=\"#persona\" data-toggle=\"tab\">Persona Individual <i class=\"fa fa-arrow-circle-o-right\"><\/i><\/a><\/li>\n<li><a href=\"#empresa\" data-toggle=\"tab\">Empresas <i class=\"fa fa-arrow-circle-o-right\"><\/i><\/a><\/li>\n<\/ul>\n<div class=\"tab-content\">\n<div id=\"persona\" class=\"tab-pane fade\">\n<ul style=\"list-style-type: disc;\">\n<li>Solicitud de fianza.<\/li>\n<li>Fotocopia completa del contrato o del documento del cual se origina la fianza.<\/li>\n<li>Firmar carta de cl\u00e1usula de consentimiento para corroborar y confirmar informaci\u00f3n p\u00fablica de la persona.<a href=\"\/wp-content\/uploads\/download-manager-files\/CLAUSULA DE CONSENTIMIENTO persona individual.doc\">Descargar aqu\u00ed<\/a><\/li>\n<li>Curr\u00edculo o perfil del solicitante.<a href=\"\/wp-content\/uploads\/download-manager-files\/Perfil Individual.xls\">Descargar aqu\u00ed<\/a><\/li>\n<li>Fotocopia de DPI del solicitante de ambos lados.<\/li>\n<li>Fotocopia de recibo de agua, luz o tel\u00e9fono.<\/li>\n<li>Fotocopia de patente de comercio.<\/li>\n<li>Fotocopia de RTU actualizado.<\/li>\n<li>Estado patrimonial del solicitante o propietario de la empresa.<\/li>\n<li>Constancia de ingresos del solicitante o propietario de la empresa.<\/li>\n<li>Estados financieros de la empresa individual (\u00faltimos 2 a\u00f1os firmados y sellados por el contador de la empresa).<\/li>\n<\/ul>\n<\/div>\n<div id=\"empresa\" class=\"tab-pane fade\">\n<ul style=\"list-style-type: disc;\">\n<li>Solicitud de fianza.<\/li>\n<li>Fotocopia completa del contrato o del documento del cual se origina la fianza.<\/li>\n<li>Firmar carta de cl\u00e1usula de consentimiento para corroborar y confirmar informaci\u00f3n p\u00fablica de la persona y\/o empresa.<a href=\"\/wp-content\/uploads\/download-manager-files\/CLAUSULA DE CONSENTIMIENTO JURIDICA CONFIANZA.doc\">Descargar aqu\u00ed<\/a><\/li>\n<li>Fotocopia de DPI del representante legal de la compa\u00f1\u00eda de ambos lados.<\/li>\n<li>Fotocopia de recibo de agua, luz o tel\u00e9fono (reciente).<\/li>\n<li>Fotocopia de Patente de Comercio.<\/li>\n<li>Fotocopia de Patente de Sociedad.<\/li>\n<li>Fotocopia de RTU actualizado.<\/li>\n<li>Estados financieros de la empresa (\u00faltimos 2 a\u00f1os firmados y sellados por el contador de la empresa).<\/li>\n<li>Fotocopia de la escritura de constituci\u00f3n y sus modificaciones.<\/li>\n<li>Fotocopia del Nombramiento del Representante legal de la Empresa vigente e inscrito debidamente en el Registro Mercantil.<\/li>\n<li>Punto de acta autorizando al Representante Legal de la Empresa a adquirir la Fianza (en caso no est\u00e9 facultado).<\/li>\n<li>Constancia de conversi\u00f3n de acciones.<\/li>\n<li>Perfil de la empresa firmado por el Representante Legal.<a href=\"\/wp-content\/uploads\/download-manager-files\/Perfil Empresarial.xls\">Descargar aqu\u00ed<\/a><\/li>\n<\/ul>\n<\/div>\n<\/div>\n<\/div>\n","protected":false},"excerpt":{"rendered":"<p>Fianzas Administrativas ante el Gobierno y Particulares Sostenimiento de Oferta: Esta fianza garantiza el cumplimiento de precios y estipulaciones ofertadas en una Licitaci\u00f3n. La fianza debe emitirse por un porcentaje no menor del 1% ni mayor al 5% del valor <a href=\"https:\/\/www.vivibanco.com.gt\/?page_id=1260\"><\/p>\n<div class=\"read-more\">\n<p>Read more &#8250;<\/p>\n<\/div>\n<p><!-- end of .read-more --><\/a><\/p>\n","protected":false},"author":1,"featured_media":2281,"parent":0,"menu_order":0,"comment_status":"closed","ping_status":"closed","template":"template-7confianza.php","meta":{"footnotes":""},"class_list":["post-1260","page","type-page","status-publish","has-post-thumbnail","hentry"],"_links":{"self":[{"href":"https:\/\/www.vivibanco.com.gt\/index.php?rest_route=\/wp\/v2\/pages\/1260","targetHints":{"allow":["GET"]}}],"collection":[{"href":"https:\/\/www.vivibanco.com.gt\/index.php?rest_route=\/wp\/v2\/pages"}],"about":[{"href":"https:\/\/www.vivibanco.com.gt\/index.php?rest_route=\/wp\/v2\/types\/page"}],"author":[{"embeddable":true,"href":"https:\/\/www.vivibanco.com.gt\/index.php?rest_route=\/wp\/v2\/users\/1"}],"replies":[{"embeddable":true,"href":"https:\/\/www.vivibanco.com.gt\/index.php?rest_route=%2Fwp%2Fv2%2Fcomments&post=1260"}],"version-history":[{"count":1,"href":"https:\/\/www.vivibanco.com.gt\/index.php?rest_route=\/wp\/v2\/pages\/1260\/revisions"}],"predecessor-version":[{"id":1838,"href":"https:\/\/www.vivibanco.com.gt\/index.php?rest_route=\/wp\/v2\/pages\/1260\/revisions\/1838"}],"wp:featuredmedia":[{"embeddable":true,"href":"https:\/\/www.vivibanco.com.gt\/index.php?rest_route=\/wp\/v2\/media\/2281"}],"wp:attachment":[{"href":"https:\/\/www.vivibanco.com.gt\/index.php?rest_route=%2Fwp%2Fv2%2Fmedia&parent=1260"}],"curies":[{"name":"wp","href":"https:\/\/api.w.org\/{rel}","templated":true}]}}