{"id":19,"date":"2015-03-10T16:16:43","date_gmt":"2015-03-10T22:16:43","guid":{"rendered":"\/?page_id=19"},"modified":"2024-03-11T14:22:19","modified_gmt":"2024-03-11T20:22:19","slug":"historia","status":"publish","type":"page","link":"https:\/\/www.vivibanco.com.gt\/?page_id=19","title":{"rendered":"Historia Vivibanco"},"content":{"rendered":"<h3>Historia<\/h3>\n<p>Vivibanco inici\u00f3 operaciones el 19 de noviembre de 1,993. Nace ante la necesidad de poder disminuir el alto d\u00e9ficit habitacional que existe en Guatemala.<\/p>\n<p>Desde sus inicios Vivibanco orienta su esfuerzo hacia la captaci\u00f3n de fondos con el fin de financiar la adquisici\u00f3n, remodelaci\u00f3n y construcci\u00f3n de viviendas y el financiamiento para el desarrollo de proyectos habitacionales.<\/p>\n<p>Luego de 22 a\u00f1os de consolidarse como un banco especializado en otorgar cr\u00e9ditos para la vivienda, en marzo de 2015, Vivibanco inicia sus operaciones como un Banco Privado Nacional, ofreciendo productos y servicios financieros modernos a los guatemaltecos sin dejar a un lado su especializaci\u00f3n en cr\u00e9ditos de vivienda.<\/p>\n","protected":false},"excerpt":{"rendered":"<p>Historia Vivibanco inici\u00f3 operaciones el 19 de noviembre de 1,993. Nace ante la necesidad de poder disminuir el alto d\u00e9ficit habitacional que existe en Guatemala. Desde sus inicios Vivibanco orienta su esfuerzo hacia la captaci\u00f3n de fondos con el fin <a href=\"https:\/\/www.vivibanco.com.gt\/?page_id=19\"><\/p>\n<div class=\"read-more\">\n<p>Read more &#8250;<\/p>\n<\/div>\n<p><!-- end of .read-more --><\/a><\/p>\n","protected":false},"author":1,"featured_media":6364,"parent":0,"menu_order":0,"comment_status":"closed","ping_status":"closed","template":"template-1acerca.php","meta":{"footnotes":""},"class_list":["post-19","page","type-page","status-publish","has-post-thumbnail","hentry"],"_links":{"self":[{"href":"https:\/\/www.vivibanco.com.gt\/index.php?rest_route=\/wp\/v2\/pages\/19","targetHints":{"allow":["GET"]}}],"collection":[{"href":"https:\/\/www.vivibanco.com.gt\/index.php?rest_route=\/wp\/v2\/pages"}],"about":[{"href":"https:\/\/www.vivibanco.com.gt\/index.php?rest_route=\/wp\/v2\/types\/page"}],"author":[{"embeddable":true,"href":"https:\/\/www.vivibanco.com.gt\/index.php?rest_route=\/wp\/v2\/users\/1"}],"replies":[{"embeddable":true,"href":"https:\/\/www.vivibanco.com.gt\/index.php?rest_route=%2Fwp%2Fv2%2Fcomments&post=19"}],"version-history":[{"count":1,"href":"https:\/\/www.vivibanco.com.gt\/index.php?rest_route=\/wp\/v2\/pages\/19\/revisions"}],"predecessor-version":[{"id":6525,"href":"https:\/\/www.vivibanco.com.gt\/index.php?rest_route=\/wp\/v2\/pages\/19\/revisions\/6525"}],"wp:featuredmedia":[{"embeddable":true,"href":"https:\/\/www.vivibanco.com.gt\/index.php?rest_route=\/wp\/v2\/media\/6364"}],"wp:attachment":[{"href":"https:\/\/www.vivibanco.com.gt\/index.php?rest_route=%2Fwp%2Fv2%2Fmedia&parent=19"}],"curies":[{"name":"wp","href":"https:\/\/api.w.org\/{rel}","templated":true}]}}