{"id":2003,"date":"2017-06-16T08:52:54","date_gmt":"2017-06-16T14:52:54","guid":{"rendered":"http:\/\/www.vivibanco.com.gt\/?page_id=2003"},"modified":"2024-12-02T18:46:47","modified_gmt":"2024-12-03T00:46:47","slug":"tarjeta-de-credito","status":"publish","type":"page","link":"https:\/\/www.vivibanco.com.gt\/?page_id=2003","title":{"rendered":"Tarjeta de Cr\u00e9dito"},"content":{"rendered":"\t\t<div data-elementor-type=\"wp-page\" data-elementor-id=\"2003\" class=\"elementor elementor-2003\">\n\t\t\t\t\t\t<section class=\"elementor-section elementor-top-section elementor-element elementor-element-72073f14 elementor-section-boxed elementor-section-height-default elementor-section-height-default\" data-id=\"72073f14\" data-element_type=\"section\">\n\t\t\t\t\t\t<div class=\"elementor-container elementor-column-gap-default\">\n\t\t\t\t\t<div class=\"elementor-column elementor-col-100 elementor-top-column elementor-element elementor-element-5c7d6a14\" data-id=\"5c7d6a14\" data-element_type=\"column\">\n\t\t\t<div class=\"elementor-widget-wrap elementor-element-populated\">\n\t\t\t\t\t\t<div class=\"elementor-element elementor-element-4132d99b elementor-widget elementor-widget-text-editor\" data-id=\"4132d99b\" data-element_type=\"widget\" data-widget_type=\"text-editor.default\">\n\t\t\t\t<div class=\"elementor-widget-container\">\n\t\t\t\t\t\t\t\t\t<div class=\"row\">\n<div class=\"col-sm-12\"><\/div>\n<\/div>\n<h3>Beneficios<\/h3>\n<div class=\"row\">\n<div class=\"col-md-12\" style=\"text-align: left;\"><span style=\"color: #ffffff;>\n<ul style=\"list-style-type: disc;\">\n \t<li>Aceptaci\u00f3n en m\u00e1s de 25 millones de comercios alrededor del mundo<\/li>\n \t<li>Aceptaci\u00f3n en m\u00e1s de 2.2 millones de ATMS en 200 pa\u00edses del mundo<\/li>\n \t<li>Membres\u00eda gratis el primer a\u00f1o<\/li>\n \t<li>Acceso al programa de Visacuotas (Aplican restricciones)<\/li>\n \t<li>Chip de seguridad que no permite la clonaci\u00f3n de tarjetas<\/li>\n \t<li>Seguro por p\u00e9rdida, robo y clonaci\u00f3n de tarjetas<\/li>\n \t<li>Programa de lealtad por consumo<\/li>\n \t<li>Acceso al servicio de mensajes de texto a su tel\u00e9fono celular por cada transacci\u00f3n efectuada<\/li>\n \t<li>Acceso al Seguro de accidentes de viajes y autos rentados al pagar el importe con la tarjeta de cr\u00e9dito<\/li>\n \t<li>Acceso a la Banca en L\u00ednea y a la App Vivibanco, en donde podr\u00e1 realizar consultas de Estados de Cuenta, movimientos y pagos de forma gratuita<\/li>\n \t<li>Canje de puntos en POS en compras directas en cualquier comercio afiliado a Visanet Guatemala, tambi\u00e9n las puede canjear a millas Lifemiles<\/li>\n \t<li>Tarjeta Priority Pass (Solo tarjeta Platinum) que le permite acceder a m\u00e1s de 1,200 salas VIP en aeropuertos de 500 ciudades alrededor de 140 pa\u00edses (Aplican Restricciones)<\/li>\n \t<li>No recargos por consumos en el extranjero<\/li>\n\n<h3>Requisitos<\/h3>\n\n \t<li>Formulario para Solicitud de Tarjeta de Cr\u00e9dito<\/li>\n \t<li>Formulario IVE IR 01<\/li>\n \t<li>Anexo de Otros Productos<\/li>\n \t<li>Anexo de Otros Firmantes (si el cliente solicita adicionales)<\/li>\n \t<li>Anexo PEP (se completa solo si el cliente es Persona expuesta pol\u00edticamente)<\/li>\n \t<li>Declaraci\u00f3n de Personas Individuales<\/li>\n \t<li>Contrato de Tarjeta de Cr\u00e9dito<\/li>\n \t<li>Formulario FATCA<\/li>\n \t<li>Fotocopia de DPI ambos lados<\/li>\n \t<li>Fotocopia de recibo de servicios reciente (Agua, Luz o Tel\u00e9fono)<\/li>\n \t<li>Estados de cuenta de los \u00faltimos 3 meses en donde refleje sus ingresos<\/li>\n \t<li>Constancia de ingresos<\/li>\n<\/ul>\n<\/div>\n<\/div>\n<br>\n<div>\n<div class='w3eden'><!-- WPDM Link Template: Default Template -->\n\n<div class=\"link-template-default card mb-2\">\n    <div class=\"card-body\">\n        <div class=\"media\">\n            <div class=\"mr-3 img-48\"><img decoding=\"async\" class=\"wpdm_icon\" alt=\"Icono\" src=\"http:\/\/www.vivibanco.com.gt\/wp-content\/plugins\/download-manager\/assets\/file-type-icons\/pdf.svg\" \/><\/div>\n            <div class=\"media-body\">\n                <h3 class=\"package-title\"><a href='https:\/\/www.vivibanco.com.gt\/?wpdmpro=cargos-en-tarjeta-de-credito'>Tasas y Cargos en tarjeta de cr\u00e9dito<\/a><\/h3>\n                <div class=\"text-muted text-small\"><i class=\"fas fa-copy\"><\/i> 1 archivo(s) <i class=\"fas fa-hdd ml-3\"><\/i> 295.21 KB<\/div>\n            <\/div>\n            <div class=\"ml-3\">\n                <a class='wpdm-download-link download-on-click btn btn-primary ' rel='nofollow' href='#' data-downloadurl=\"https:\/\/www.vivibanco.com.gt\/?wpdmpro=cargos-en-tarjeta-de-credito&#038;wpdmdl=6719&#038;refresh=69e724ec7e4961776755948\">Descargar<\/a>\n            <\/div>\n        <\/div>\n    <\/div>\n<\/div>\n\n<\/div>\n<div class='w3eden'><!-- WPDM Link Template: Default Template -->\n\n<div class=\"link-template-default card mb-2\">\n    <div class=\"card-body\">\n        <div class=\"media\">\n            <div class=\"mr-3 img-48\"><img decoding=\"async\" class=\"wpdm_icon\" alt=\"Icono\" src=\"http:\/\/www.vivibanco.com.gt\/wp-content\/plugins\/download-manager\/assets\/file-type-icons\/pdf.svg\" \/><\/div>\n            <div class=\"media-body\">\n                <h3 class=\"package-title\"><a href='https:\/\/www.vivibanco.com.gt\/?wpdmpro=cargos-de-tarjeta-de-credito-back-to-back'>Tasas y Cargos de tarjeta de cr\u00e9dito &#8211; Back to Back<\/a><\/h3>\n                <div class=\"text-muted text-small\"><i class=\"fas fa-copy\"><\/i> 1 archivo(s) <i class=\"fas fa-hdd ml-3\"><\/i> 264.84 KB<\/div>\n            <\/div>\n            <div class=\"ml-3\">\n                <a class='wpdm-download-link download-on-click btn btn-primary ' rel='nofollow' href='#' data-downloadurl=\"https:\/\/www.vivibanco.com.gt\/?wpdmpro=cargos-de-tarjeta-de-credito-back-to-back&#038;wpdmdl=6720&#038;refresh=69e724ec7fcb61776755948\">Descargar<\/a>\n            <\/div>\n        <\/div>\n    <\/div>\n<\/div>\n\n<\/div>\n<div class='w3eden'><!-- WPDM Link Template: Default Template -->\n\n<div class=\"link-template-default card mb-2\">\n    <div class=\"card-body\">\n        <div class=\"media\">\n            <div class=\"mr-3 img-48\"><img decoding=\"async\" class=\"wpdm_icon\" alt=\"Icono\" src=\"http:\/\/www.vivibanco.com.gt\/wp-content\/plugins\/download-manager\/assets\/file-type-icons\/pdf.svg\" \/><\/div>\n            <div class=\"media-body\">\n                <h3 class=\"package-title\"><a href='https:\/\/www.vivibanco.com.gt\/?wpdmpro=cargos-en-tarjeta-de-credito-card-to-card'>Tasas y Cargos en tarjeta de cr\u00e9dito &#8211; Card to Card<\/a><\/h3>\n                <div class=\"text-muted text-small\"><i class=\"fas fa-copy\"><\/i> 1 archivo(s) <i class=\"fas fa-hdd ml-3\"><\/i> 263.81 KB<\/div>\n            <\/div>\n            <div class=\"ml-3\">\n                <a class='wpdm-download-link download-on-click btn btn-primary ' rel='nofollow' href='#' data-downloadurl=\"https:\/\/www.vivibanco.com.gt\/?wpdmpro=cargos-en-tarjeta-de-credito-card-to-card&#038;wpdmdl=6721&#038;refresh=69e724ec8123e1776755948\">Descargar<\/a>\n            <\/div>\n        <\/div>\n    <\/div>\n<\/div>\n\n<\/div>\n<div class='w3eden'><!-- WPDM Link Template: Default Template -->\n\n<div class=\"link-template-default card mb-2\">\n    <div class=\"card-body\">\n        <div class=\"media\">\n            <div class=\"mr-3 img-48\"><img decoding=\"async\" class=\"wpdm_icon\" alt=\"Icono\" src=\"http:\/\/www.vivibanco.com.gt\/wp-content\/plugins\/download-manager\/assets\/file-type-icons\/pdf.svg\" \/><\/div>\n            <div class=\"media-body\">\n                <h3 class=\"package-title\"><a href='https:\/\/www.vivibanco.com.gt\/?wpdmpro=cargos-en-tarjeta-de-credito-plan-compra-de-saldos'>Tasas y Cargos en tarjeta de cr\u00e9dito &#8211; Plan compra de saldos<\/a><\/h3>\n                <div class=\"text-muted text-small\"><i class=\"fas fa-copy\"><\/i> 1 archivo(s) <i class=\"fas fa-hdd ml-3\"><\/i> 264.30 KB<\/div>\n            <\/div>\n            <div class=\"ml-3\">\n                <a class='wpdm-download-link download-on-click btn btn-primary ' rel='nofollow' href='#' data-downloadurl=\"https:\/\/www.vivibanco.com.gt\/?wpdmpro=cargos-en-tarjeta-de-credito-plan-compra-de-saldos&#038;wpdmdl=6722&#038;refresh=69e724ec827a51776755948\">Descargar<\/a>\n            <\/div>\n        <\/div>\n    <\/div>\n<\/div>\n\n<\/div>\n<\/div>\t\t\t\t\t\t\t\t<\/div>\n\t\t\t\t<\/div>\n\t\t\t\t\t<\/div>\n\t\t<\/div>\n\t\t\t\t\t<\/div>\n\t\t<\/section>\n\t\t\t\t<\/div>\n\t\t","protected":false},"excerpt":{"rendered":"<p>Beneficios Aceptaci\u00f3n en m\u00e1s de 25 millones de comercios alrededor del mundo Aceptaci\u00f3n en m\u00e1s de 2.2 millones de ATMS en 200 pa\u00edses del mundo Membres\u00eda gratis el primer a\u00f1o Acceso al programa de Visacuotas (Aplican restricciones) Chip de seguridad <a href=\"https:\/\/www.vivibanco.com.gt\/?page_id=2003\"><\/p>\n<div class=\"read-more\">\n<p>Read more &#8250;<\/p>\n<\/div>\n<p><!-- end of .read-more --><\/a><\/p>\n","protected":false},"author":1,"featured_media":6305,"parent":0,"menu_order":0,"comment_status":"closed","ping_status":"closed","template":"template-2productos.php","meta":{"footnotes":""},"class_list":["post-2003","page","type-page","status-publish","has-post-thumbnail","hentry"],"_links":{"self":[{"href":"https:\/\/www.vivibanco.com.gt\/index.php?rest_route=\/wp\/v2\/pages\/2003","targetHints":{"allow":["GET"]}}],"collection":[{"href":"https:\/\/www.vivibanco.com.gt\/index.php?rest_route=\/wp\/v2\/pages"}],"about":[{"href":"https:\/\/www.vivibanco.com.gt\/index.php?rest_route=\/wp\/v2\/types\/page"}],"author":[{"embeddable":true,"href":"https:\/\/www.vivibanco.com.gt\/index.php?rest_route=\/wp\/v2\/users\/1"}],"replies":[{"embeddable":true,"href":"https:\/\/www.vivibanco.com.gt\/index.php?rest_route=%2Fwp%2Fv2%2Fcomments&post=2003"}],"version-history":[{"count":1,"href":"https:\/\/www.vivibanco.com.gt\/index.php?rest_route=\/wp\/v2\/pages\/2003\/revisions"}],"predecessor-version":[{"id":6742,"href":"https:\/\/www.vivibanco.com.gt\/index.php?rest_route=\/wp\/v2\/pages\/2003\/revisions\/6742"}],"wp:featuredmedia":[{"embeddable":true,"href":"https:\/\/www.vivibanco.com.gt\/index.php?rest_route=\/wp\/v2\/media\/6305"}],"wp:attachment":[{"href":"https:\/\/www.vivibanco.com.gt\/index.php?rest_route=%2Fwp%2Fv2%2Fmedia&parent=2003"}],"curies":[{"name":"wp","href":"https:\/\/api.w.org\/{rel}","templated":true}]}}