{"id":246,"date":"2015-03-23T17:45:07","date_gmt":"2015-03-23T17:45:07","guid":{"rendered":"\/?page_id=246"},"modified":"2023-05-15T13:12:17","modified_gmt":"2023-05-15T19:12:17","slug":"fiduciarios","status":"publish","type":"page","link":"https:\/\/www.vivibanco.com.gt\/?page_id=246","title":{"rendered":"Vivin\u00f3mina"},"content":{"rendered":"<div class=\"row\">\n<div class=\"col-sm-12\">Cr\u00e9ditos personales que se otorgar\u00e1n a empleados, en relaci\u00f3n de dependencia pertenecientes a empresas del sector privado.<\/div>\n<\/div>\n<h3>Beneficios<\/h3>\n<ul style=\"list-style-type: disc;\">\n<li>La tasa de inter\u00e9s m\u00e1s baja del Mercado<\/li>\n<li>Ahorro programado<\/li>\n<li>Asistencia m\u00e9dica familiar<\/li>\n<li>Asesor\u00eda personalizada<\/li>\n<li>Agilidad en su gesti\u00f3n<\/li>\n<li>Seguro de vida incluido en la cuota mensual<\/li>\n<\/ul>\n<p>&nbsp;<\/p>\n<h3>Caracter\u00edsticas<\/h3>\n<ul style=\"list-style-type: disc;\">\n<li>Garant\u00eda fiduciaria sin fiador<\/li>\n<li>Plazo m\u00e1ximo de financiamiento hasta 5 a\u00f1os<\/li>\n<li>Cuota nivelada<\/li>\n<li>Forma de pago a trav\u00e9s de descuento de cuota mensual por medio de planilla<\/li>\n<li>Disponible en Quetzales<\/li>\n<\/ul>\n<p>&nbsp;<\/p>\n<h3>Destino<\/h3>\n<ul style=\"list-style-type: disc;\">\n<li>Unificaci\u00f3n de deudas<\/li>\n<li>Equipamiento de hogar<\/li>\n<li>Gastos personales<\/li>\n<\/ul>\n<p>&nbsp;<\/p>\n<h3 style=\"color:#ffffff !important;\">Recuerde que con <a href=\"\/?page_id=730\"> Banca en L\u00ednea <\/a> puede realizar:<\/h3>\n<ul style=\"list-style-type: disc;\">\n<li>Emisi\u00f3n de Estado de Cuenta<\/li>\n<li>Transferencia a cuentas propias<\/li>\n<li>Pagar la cuota de su cr\u00e9dito con autorizaci\u00f3n de d\u00e9bito autom\u00e1tico<\/li>\n<li>BANCASAT, pago de impuestos<\/li>\n<li>Pago de Planilla<\/li>\n<li>Transferencias ACH<\/li>\n<\/ul>\n","protected":false},"excerpt":{"rendered":"<p>Cr\u00e9ditos personales que se otorgar\u00e1n a empleados, en relaci\u00f3n de dependencia pertenecientes a empresas del sector privado. Beneficios La tasa de inter\u00e9s m\u00e1s baja del Mercado Ahorro programado Asistencia m\u00e9dica familiar Asesor\u00eda personalizada Agilidad en su gesti\u00f3n Seguro de vida <a href=\"https:\/\/www.vivibanco.com.gt\/?page_id=246\"><\/p>\n<div class=\"read-more\">\n<p>Read more &#8250;<\/p>\n<\/div>\n<p><!-- end of .read-more --><\/a><\/p>\n","protected":false},"author":1,"featured_media":6306,"parent":0,"menu_order":0,"comment_status":"closed","ping_status":"closed","template":"template-2productos.php","meta":{"footnotes":""},"class_list":["post-246","page","type-page","status-publish","has-post-thumbnail","hentry"],"_links":{"self":[{"href":"https:\/\/www.vivibanco.com.gt\/index.php?rest_route=\/wp\/v2\/pages\/246","targetHints":{"allow":["GET"]}}],"collection":[{"href":"https:\/\/www.vivibanco.com.gt\/index.php?rest_route=\/wp\/v2\/pages"}],"about":[{"href":"https:\/\/www.vivibanco.com.gt\/index.php?rest_route=\/wp\/v2\/types\/page"}],"author":[{"embeddable":true,"href":"https:\/\/www.vivibanco.com.gt\/index.php?rest_route=\/wp\/v2\/users\/1"}],"replies":[{"embeddable":true,"href":"https:\/\/www.vivibanco.com.gt\/index.php?rest_route=%2Fwp%2Fv2%2Fcomments&post=246"}],"version-history":[{"count":2,"href":"https:\/\/www.vivibanco.com.gt\/index.php?rest_route=\/wp\/v2\/pages\/246\/revisions"}],"predecessor-version":[{"id":6315,"href":"https:\/\/www.vivibanco.com.gt\/index.php?rest_route=\/wp\/v2\/pages\/246\/revisions\/6315"}],"wp:featuredmedia":[{"embeddable":true,"href":"https:\/\/www.vivibanco.com.gt\/index.php?rest_route=\/wp\/v2\/media\/6306"}],"wp:attachment":[{"href":"https:\/\/www.vivibanco.com.gt\/index.php?rest_route=%2Fwp%2Fv2%2Fmedia&parent=246"}],"curies":[{"name":"wp","href":"https:\/\/api.w.org\/{rel}","templated":true}]}}