{"id":346,"date":"2015-03-23T21:29:25","date_gmt":"2015-03-23T21:29:25","guid":{"rendered":"\/?page_id=346"},"modified":"2023-05-15T13:12:46","modified_gmt":"2023-05-15T19:12:46","slug":"transferencias-ach","status":"publish","type":"page","link":"https:\/\/www.vivibanco.com.gt\/?page_id=346","title":{"rendered":"Transferencias ACH"},"content":{"rendered":"<p>Sistema de compensaci\u00f3n automatizado que permite realizar de forma c\u00f3moda y segura transacciones electr\u00f3nicas entre bancos del sistema.<\/p>\n<p>&nbsp;<\/p>\n<h3>Caracter\u00edsticas<\/h3>\n<ul style=\"list-style-type: disc;\">\n<li>Transacciones desde sus Cuentas de Dep\u00f3sito Monetarios y de Ahorro<\/li>\n<li>Transacciones en Quetzales (Q) y D\u00f3lares (USD)<\/li>\n<li>Para utilizar Transferencias ACH descargue la solicitud y el contrato. Pres\u00e9ntelos en una de nuestras agencias <a href=\"\/wp-content\/uploads\/download-manager-files\/contratodeserviciosGUATEACH.pdf\">Descargar contrato<\/a><br \/>\n<a href=\"\/wp-content\/uploads\/download-manager-files\/solicituddeserviciosGUATEACH.pdf\">Descargar solicitud<\/a><\/li>\n<li>Se genera una reserva de los fondos en la cuenta a debitar el d\u00eda de pago<\/li>\n<\/ul>\n<p>&nbsp;<\/p>\n<h3> Transferencias Inmediatas<\/h3>\n<p>Horario de 7:00 a 21:00 horas de lunes a domingo, incluyendo asuetos y d\u00edas feriado, por un monto m\u00e1ximo de Q20,000.00 o $2,500.00 USD.<\/p>\n<h3> Transferencias Diferidas<\/h3>\n<p>Si es d\u00eda h\u00e1bil, las transferencias que se registren antes de las 2:00pm se acreditar\u00e1n a las 5:00pm del mismo d\u00eda. Las transferencias que se registren en el horario de las 2:01pm hasta las 8:00am del siguiente d\u00eda h\u00e1bil, se acreditar\u00e1n a las 11:00am de ese mismo d\u00eda. Las transferencias que se operen en s\u00e1bado, domingo o d\u00edas festivos, se acreditar\u00e1n a las 11:00am del siguiente d\u00eda h\u00e1bil, hasta por un monto m\u00e1ximo de Q500,000.00<\/p>\n","protected":false},"excerpt":{"rendered":"<p>Sistema de compensaci\u00f3n automatizado que permite realizar de forma c\u00f3moda y segura transacciones electr\u00f3nicas entre bancos del sistema. &nbsp; Caracter\u00edsticas Transacciones desde sus Cuentas de Dep\u00f3sito Monetarios y de Ahorro Transacciones en Quetzales (Q) y D\u00f3lares (USD) Para utilizar Transferencias <a href=\"https:\/\/www.vivibanco.com.gt\/?page_id=346\"><\/p>\n<div class=\"read-more\">\n<p>Read more &#8250;<\/p>\n<\/div>\n<p><!-- end of .read-more --><\/a><\/p>\n","protected":false},"author":1,"featured_media":6299,"parent":0,"menu_order":0,"comment_status":"closed","ping_status":"closed","template":"template-4banca.php","meta":{"footnotes":""},"class_list":["post-346","page","type-page","status-publish","has-post-thumbnail","hentry"],"_links":{"self":[{"href":"https:\/\/www.vivibanco.com.gt\/index.php?rest_route=\/wp\/v2\/pages\/346","targetHints":{"allow":["GET"]}}],"collection":[{"href":"https:\/\/www.vivibanco.com.gt\/index.php?rest_route=\/wp\/v2\/pages"}],"about":[{"href":"https:\/\/www.vivibanco.com.gt\/index.php?rest_route=\/wp\/v2\/types\/page"}],"author":[{"embeddable":true,"href":"https:\/\/www.vivibanco.com.gt\/index.php?rest_route=\/wp\/v2\/users\/1"}],"replies":[{"embeddable":true,"href":"https:\/\/www.vivibanco.com.gt\/index.php?rest_route=%2Fwp%2Fv2%2Fcomments&post=346"}],"version-history":[{"count":1,"href":"https:\/\/www.vivibanco.com.gt\/index.php?rest_route=\/wp\/v2\/pages\/346\/revisions"}],"predecessor-version":[{"id":6316,"href":"https:\/\/www.vivibanco.com.gt\/index.php?rest_route=\/wp\/v2\/pages\/346\/revisions\/6316"}],"wp:featuredmedia":[{"embeddable":true,"href":"https:\/\/www.vivibanco.com.gt\/index.php?rest_route=\/wp\/v2\/media\/6299"}],"wp:attachment":[{"href":"https:\/\/www.vivibanco.com.gt\/index.php?rest_route=%2Fwp%2Fv2%2Fmedia&parent=346"}],"curies":[{"name":"wp","href":"https:\/\/api.w.org\/{rel}","templated":true}]}}