{"id":47,"date":"2015-03-10T16:49:04","date_gmt":"2015-03-10T16:49:04","guid":{"rendered":"\/?page_id=47"},"modified":"2023-06-02T09:17:19","modified_gmt":"2023-06-02T15:17:19","slug":"depositos-monetarios","status":"publish","type":"page","link":"https:\/\/www.vivibanco.com.gt\/?page_id=47","title":{"rendered":"Dep\u00f3sitos Monetarios"},"content":{"rendered":"\t\t<div data-elementor-type=\"wp-page\" data-elementor-id=\"47\" class=\"elementor elementor-47\">\n\t\t\t\t\t\t<section class=\"elementor-section elementor-top-section elementor-element elementor-element-3e17c06f elementor-section-boxed elementor-section-height-default elementor-section-height-default\" data-id=\"3e17c06f\" data-element_type=\"section\">\n\t\t\t\t\t\t<div class=\"elementor-container elementor-column-gap-default\">\n\t\t\t\t\t<div class=\"elementor-column elementor-col-100 elementor-top-column elementor-element elementor-element-7a5918f4\" data-id=\"7a5918f4\" data-element_type=\"column\">\n\t\t\t<div class=\"elementor-widget-wrap elementor-element-populated\">\n\t\t\t\t\t\t<div class=\"elementor-element elementor-element-6ae5dd0e elementor-widget elementor-widget-text-editor\" data-id=\"6ae5dd0e\" data-element_type=\"widget\" data-widget_type=\"text-editor.default\">\n\t\t\t\t<div class=\"elementor-widget-container\">\n\t\t\t\t\t\t\t\t\t<div class=\"row\"><div class=\"col-sm-12\"><span style=\"color: #ffffff;\">Cuenta de cheques que le permite tener acceso a sus fondos de manera inmediata y que devenga intereses sobre saldos diarios.<\/span><\/div><\/div><h3>\u00a0Beneficios<\/h3><ul style=\"list-style-type: disc;\"><li><span style=\"color: #ffffff;\">Autorizaci\u00f3n de cheques desde Banca en L\u00ednea<\/span><\/li><li><span style=\"color: #ffffff;\">Apertura de cuenta con Q 1,000.00<\/span><\/li><li><span style=\"color: #ffffff;\">Seguridad en sus dep\u00f3sitos, respaldados por el Fondo para la Protecci\u00f3n del Ahorro FOPA hasta Q 20,000.00<\/span><\/li><li><span style=\"color: #ffffff;\">Puntos de servicio con horarios a su conveniencia<\/span><\/li><li><span style=\"color: #ffffff;\">Banca en L\u00ednea, BANCASAT y ACH<\/span><\/li><li><span style=\"color: #ffffff;\">Acceso gratuito a informaci\u00f3n detallada de su cuenta a trav\u00e9s de nuestro servicio de<\/span> <a href=\"\/?p=730\"><span style=\"color: #ffcc00;\">Banca en L\u00ednea<\/span><\/a> <span style=\"color: #ffffff;\">(previa afiliaci\u00f3n) de forma segura<\/span><\/li><li><span style=\"color: #ffffff;\">Sin l\u00edmite de emisi\u00f3n de chequeras<\/span><\/li><li><span style=\"color: #ffffff;\">Tarjeta de d\u00e9bito<\/span><\/li><\/ul><h3>\u00a0Caracter\u00edsticas<\/h3><ul style=\"list-style-type: disc;\"><li><span style=\"color: #ffffff;\">Cuenta Personal o Empresarial<\/span><\/li><li><span style=\"color: #ffffff;\">Devenga intereses sobre saldos diarios con capitalizaci\u00f3n mensual con monto m\u00ednimo de Q 5,000.00<\/span><\/li><li><span style=\"color: #ffffff;\">Monto de apertura con Q 1,000.00<\/span><\/li><li><span style=\"color: #ffffff;\">Liberaci\u00f3n de reserva en 24 horas<\/span><\/li><li><span style=\"color: #ffffff;\">No se cobra emisi\u00f3n de chequeras con saldo promedio mensual mayor a Q 1,000.00<\/span><\/li><\/ul><h3>\u00a0Requisitos<\/h3><div><ul class=\"nav nav-tabs\"><li><a href=\"#persona\" data-toggle=\"tab\">Persona Individual<i class=\"fa fa-arrow-circle-o-right\"><\/i><\/a><\/li><li><a href=\"#empresa\" data-toggle=\"tab\">Empresas<i class=\"fa fa-arrow-circle-o-right\"><\/i><\/a><\/li><\/ul><div class=\"tab-content\"><div id=\"persona\" class=\"tab-pane fade\"><ul style=\"list-style-type: disc;\"><li>Contrato de Apertura <a href=\"\/wp-content\/uploads\/download-manager-files\/ContratodeApertura.doc\">Descargar aqu\u00ed<\/a><\/li><li>Formulario de inicio de relaciones <a href=\"\/wp-content\/uploads\/download-manager-files\/IVE-IR-Individual.xls\">Descargar aqu\u00ed<\/a> y anexos autorizados por la IVE.<a href=\"\/wp-content\/uploads\/download-manager-files\/ProductosYServicios.xls\">Descargar aqu\u00ed<\/a><\/li><li>Presentar DPI Original y fotocopia del solicitante (ambos lados)<\/li><li>Si es (son) extranjero (s) fotocopia del pasaporte y acreditaci\u00f3n migratoria<\/li><li>Para ciudadanos y personas residentes en los Estados Unidos de Norte Am\u00e9rica, deber\u00e1n presentar carn\u00e9 Social Security, Identification Number \u201cTIN\u201d (N\u00famero de Identificaci\u00f3n de Contribuyente) y Formulario FATCA <a href=\"\/wp-content\/uploads\/download-manager-files\/CUESTIONARIOFATCA.doc\">Descargar aqu\u00ed<\/a><\/li><li>Fotocopia de recibo de agua, luz, tel\u00e9fono o servicio similar que registre la direcci\u00f3n de la residencia reportada por el (o los) solicitante (s)<\/li><li>Si posee negocio propio, presentar fotocopia de patente de comercio y carn\u00e9 de la SAT o RTU<\/li><li>Si se designan beneficiarios, deber\u00e1n indicar nombres y apellido completos, direcci\u00f3n de residencia e informaci\u00f3n adicional que requieran las leyes aplicables<\/li><\/ul><\/div><div id=\"empresa\" class=\"tab-pane fade\"><ul style=\"list-style-type: disc;\"><li>Contrato de Apertura <a href=\"\/wp-content\/uploads\/download-manager-files\/ContratodeApertura.doc\">Descargar aqu\u00ed<\/a><\/li><li>Formulario de inicio de relaciones <a href=\"\/wp-content\/uploads\/download-manager-files\/IVE-IR-02.xls\">Descargar aqu\u00ed<\/a> y anexos autorizados por la IVE.<a href=\"\/wp-content\/uploads\/download-manager-files\/ProductosYServicios.xls\">Descargar aqu\u00ed<\/a><\/li><li>Fotocopia de patente de sociedad y comercio<\/li><li>Fotocopia de Nombramiento del Representante Legal<\/li><li>Fotocopia del primer testimonio de la escritura p\u00fablica de constituci\u00f3n de sociedad<\/li><li>Presentar DPI Original y fotocopia del solicitante (ambos lados)<\/li><li>Fotocopia de recibo de agua, luz, tel\u00e9fono o servicio similar que registre la direcci\u00f3n de la residencia reportada por el (o los) solicitante (s)<\/li><li>Si es (son) extranjero (s) fotocopia del pasaporte y acreditaci\u00f3n migratoria<\/li><li>Para ciudadanos y personas residentes en los Estados Unidos de Norte Am\u00e9rica, deber\u00e1n presentar carn\u00e9 Social Security, Identification Number \u201cTIN\u201d (N\u00famero de Identificaci\u00f3n de Contribuyente) y Formulario FATCA <a href=\"\/wp-content\/uploads\/download-manager-files\/CUESTIONARIOFATCA.doc\">Descargar aqu\u00ed<\/a><\/li><\/ul><\/div><\/div><\/div><h3 style=\"color: #ffffff !important;\">Recuerde que con <a href=\"\/?page_id=730\"><span style=\"color: #ffcc00;\"> Banca en L\u00ednea<\/span> <\/a> puede realizar:<\/h3><ul style=\"list-style-type: disc;\"><li><span style=\"color: #ffffff;\">Emisi\u00f3n de Estado de Cuenta<\/span><\/li><li><span style=\"color: #ffffff;\">Transferencia a cuentas propias<\/span><\/li><li><span style=\"color: #ffffff;\">Pagar la cuota de su cr\u00e9dito con autorizaci\u00f3n de d\u00e9bito autom\u00e1tico<\/span><\/li><li><span style=\"color: #ffffff;\">BANCASAT, pago de impuestos<\/span><\/li><li><span style=\"color: #ffffff;\">Pago de Planilla<\/span><\/li><li><span style=\"color: #ffffff;\">Transferencias ACH<\/span><\/li><\/ul>\t\t\t\t\t\t\t\t<\/div>\n\t\t\t\t<\/div>\n\t\t\t\t\t<\/div>\n\t\t<\/div>\n\t\t\t\t\t<\/div>\n\t\t<\/section>\n\t\t\t\t<\/div>\n\t\t","protected":false},"excerpt":{"rendered":"<p>Cuenta de cheques que le permite tener acceso a sus fondos de manera inmediata y que devenga intereses sobre saldos diarios. \u00a0Beneficios Autorizaci\u00f3n de cheques desde Banca en L\u00ednea Apertura de cuenta con Q 1,000.00 Seguridad en sus dep\u00f3sitos, respaldados <a href=\"https:\/\/www.vivibanco.com.gt\/?page_id=47\"><\/p>\n<div class=\"read-more\">\n<p>Read more &#8250;<\/p>\n<\/div>\n<p><!-- end of .read-more --><\/a><\/p>\n","protected":false},"author":1,"featured_media":6357,"parent":0,"menu_order":0,"comment_status":"closed","ping_status":"closed","template":"template-2productos.php","meta":{"footnotes":""},"class_list":["post-47","page","type-page","status-publish","has-post-thumbnail","hentry"],"_links":{"self":[{"href":"https:\/\/www.vivibanco.com.gt\/index.php?rest_route=\/wp\/v2\/pages\/47","targetHints":{"allow":["GET"]}}],"collection":[{"href":"https:\/\/www.vivibanco.com.gt\/index.php?rest_route=\/wp\/v2\/pages"}],"about":[{"href":"https:\/\/www.vivibanco.com.gt\/index.php?rest_route=\/wp\/v2\/types\/page"}],"author":[{"embeddable":true,"href":"https:\/\/www.vivibanco.com.gt\/index.php?rest_route=\/wp\/v2\/users\/1"}],"replies":[{"embeddable":true,"href":"https:\/\/www.vivibanco.com.gt\/index.php?rest_route=%2Fwp%2Fv2%2Fcomments&post=47"}],"version-history":[{"count":1,"href":"https:\/\/www.vivibanco.com.gt\/index.php?rest_route=\/wp\/v2\/pages\/47\/revisions"}],"predecessor-version":[{"id":6411,"href":"https:\/\/www.vivibanco.com.gt\/index.php?rest_route=\/wp\/v2\/pages\/47\/revisions\/6411"}],"wp:featuredmedia":[{"embeddable":true,"href":"https:\/\/www.vivibanco.com.gt\/index.php?rest_route=\/wp\/v2\/media\/6357"}],"wp:attachment":[{"href":"https:\/\/www.vivibanco.com.gt\/index.php?rest_route=%2Fwp%2Fv2%2Fmedia&parent=47"}],"curies":[{"name":"wp","href":"https:\/\/api.w.org\/{rel}","templated":true}]}}