{"id":730,"date":"2015-05-26T17:53:43","date_gmt":"2015-05-26T17:53:43","guid":{"rendered":"\/?page_id=730"},"modified":"2019-05-06T14:31:33","modified_gmt":"2019-05-06T20:31:33","slug":"tips-de-seguridad","status":"publish","type":"page","link":"https:\/\/www.vivibanco.com.gt\/?page_id=730","title":{"rendered":"Tips de Seguridad"},"content":{"rendered":"<p><a href=\"https:\/\/www.vivibanco.com.gt\/ebanca\/index.html\" target=\"_blank\" class=\"btn btn-warning\" style=\"position: absolute;  margin-top: -70px;  margin-left: 40px;\">Ingresar a Banca en L\u00ednea<\/a><\/p>\n<p>Para darle SEGURIDAD y mayor CONFIDENCIALIDAD a sus operaciones de Banca en L\u00ednea le informamos que hemos reforzado nuestro sistema a trav\u00e9s de la doble AUTENTICACI\u00d3N.<\/p>\n<h3>Para ingresar siga las siguientes instrucciones: <\/h3>\n<ol style=\"list-style-type: decimal;\">\n<li>Al ingresar a la Banca en L\u00ednea le aparecer\u00e1 la primer pantalla en la que debe escribir su c\u00f3digo de usuario y hacer clic en ingresar.<\/li>\n<li>Le aparecer\u00e1 una segunda pantalla, la cual le solicitar\u00e1 su contrase\u00f1a.<\/li>\n<li>Seleccionar la pesta\u00f1a que dice CAMBIO DE IMAGEN.<\/li>\n<li>Seleccionar una imagen de su computador y escribir el t\u00edtulo de la imagen.<\/li>\n<\/ol>\n<h5 class=\"text-yellow\">La pr\u00f3xima vez que ingrese a su Banca en L\u00ednea, previo a digitar su contrase\u00f1a, verifique que la imagen y nombre que seleccion\u00f3 es el que se despliega, de no ser as\u00ed notif\u00edquelo al correo <a id=\"tipseguridad1\" href=\"#\">servicio@vivibanco.com.gt<\/a> o comun\u00edquese a los tel\u00e9fonos del banco. La imagen la puede cambiar las veces que considere necesario. <\/h5>\n<h3>Tips de Seguridad<\/h3>\n<ul style=\"  list-style-type: disc;\">\n<li>\nVerifique que la direcci\u00f3n que se encuentra en su navegador sea la siguiente:<br \/>\n<a id=\"tipseguridad2\" href=\"https:\/\/www.vivibanco.com.gt\/ebanca\/index.html\">https:\/\/www.vivibanco.com.gt\/ebanca\/index.html<\/a>\n<\/li>\n<li>\nRealice sus transacciones bancarias por Internet \u00fanicamente en sitios seguros y nunca por medio de enlaces en correos electr\u00f3nicos\n<\/li>\n<li>\nTodo correo relacionado con el banco y que considere sospechoso por favor reportarlo a<br \/>\n<a id=\"tipseguridad2\" href=\"#\">servicio@vivibanco.com.gt<\/a>\n<\/li>\n<\/ul>\n<p>Vivibanco nunca solicita a sus clientes informaci\u00f3n confidencial, ni la clave de acceso a banca en l\u00ednea a trav\u00e9s de correo electr\u00f3nico.<br \/>\nSi usted recibe un correo solicitando esa informaci\u00f3n, le recomendamos borrarlo de inmediato y no ingresar a los sitios (links) referenciados.<br \/>\nRecuerde que la seguridad en el manejo de sus claves de acceso, es su responsabilidad, por eso:<\/p>\n<ul style=\"  list-style-type: disc;\">\n<li>Verifique que la direcci\u00f3n que se encuentra en su navegador sea la siguiente<br \/>\n<a id=\"tipseguridad2\" href=\"https:\/\/www.vivibanco.com.gt\/ebanca\/index.html\">https:\/\/www.vivibanco.com.gt\/ebanca\/index.html<\/a><br \/>\nNunca ingrese informaci\u00f3n en un sitio sin haber verificado que el ambiente es seguro, esto se puede reconocer buscando \u201chttps:\/\/\u201d en la barra de direcci\u00f3n, junto a http, m\u00e1s una \u201cs\u201d adicional a un candado que se encuentra en el Navegador. Esto significa que es un sitio seguro.<\/li>\n<li>Todo correo relacionado con el banco y que considere sospechoso por favor reportarlo a<br \/>\n<a id=\"tipseguridad2\" href=\"#\">servicio@vivibanco.com.gt<\/a>\n<\/li>\n<li>Nunca proporcione sus claves de acceso por ning\u00fan medio. No proporcione informaci\u00f3n personal cuando es requerida por medio de correo electr\u00f3nico o sistema de mensajes de texto (SMS).<\/li>\n<li>Realice sus transacciones bancarias por Internet \u00fanicamente en sitios seguros y si utiliza un Caf\u00e9 Internet, aseg\u00farese que cuenta con los requerimientos de seguridad necesarios, de lo contrario no proceda a realizar sus transacciones desde ese sitio.<\/li>\n<\/ul>\n","protected":false},"excerpt":{"rendered":"<p>Ingresar a Banca en L\u00ednea Para darle SEGURIDAD y mayor CONFIDENCIALIDAD a sus operaciones de Banca en L\u00ednea le informamos que hemos reforzado nuestro sistema a trav\u00e9s de la doble AUTENTICACI\u00d3N. Para ingresar siga las siguientes instrucciones: Al ingresar a <a href=\"https:\/\/www.vivibanco.com.gt\/?page_id=730\"><\/p>\n<div class=\"read-more\">\n<p>Read more &#8250;<\/p>\n<\/div>\n<p><!-- end of .read-more --><\/a><\/p>\n","protected":false},"author":1,"featured_media":738,"parent":0,"menu_order":0,"comment_status":"closed","ping_status":"closed","template":"template-3default.php","meta":{"footnotes":""},"class_list":["post-730","page","type-page","status-publish","has-post-thumbnail","hentry"],"_links":{"self":[{"href":"https:\/\/www.vivibanco.com.gt\/index.php?rest_route=\/wp\/v2\/pages\/730","targetHints":{"allow":["GET"]}}],"collection":[{"href":"https:\/\/www.vivibanco.com.gt\/index.php?rest_route=\/wp\/v2\/pages"}],"about":[{"href":"https:\/\/www.vivibanco.com.gt\/index.php?rest_route=\/wp\/v2\/types\/page"}],"author":[{"embeddable":true,"href":"https:\/\/www.vivibanco.com.gt\/index.php?rest_route=\/wp\/v2\/users\/1"}],"replies":[{"embeddable":true,"href":"https:\/\/www.vivibanco.com.gt\/index.php?rest_route=%2Fwp%2Fv2%2Fcomments&post=730"}],"version-history":[{"count":1,"href":"https:\/\/www.vivibanco.com.gt\/index.php?rest_route=\/wp\/v2\/pages\/730\/revisions"}],"predecessor-version":[{"id":2234,"href":"https:\/\/www.vivibanco.com.gt\/index.php?rest_route=\/wp\/v2\/pages\/730\/revisions\/2234"}],"wp:featuredmedia":[{"embeddable":true,"href":"https:\/\/www.vivibanco.com.gt\/index.php?rest_route=\/wp\/v2\/media\/738"}],"wp:attachment":[{"href":"https:\/\/www.vivibanco.com.gt\/index.php?rest_route=%2Fwp%2Fv2%2Fmedia&parent=730"}],"curies":[{"name":"wp","href":"https:\/\/api.w.org\/{rel}","templated":true}]}}